y 7?
4
Let a(g) = g**2 - 8*g - 1. Let z be a(12). Suppose j - 39 = z. Calculate the remainder when j is divided by (-1952)/(-88) + 4/(-22).
20
Suppose 32*j = 37*j + 360. Let o = j - -88. What is the remainder when 72 is divided by o?
8
Let w(g) = 1 - 2*g + 1 + 5*g**2 - 3 - 1. Let q be w(4). Let b = -36 + q. Calculate the remainder when b is divided by 12.
10
Suppose -111 = -4*d + 5*a + 77, -d = a - 56. What is the remainder when 120 is divided by d?
16
Let v(y) = -27*y - 1. Let k be v(-1). Suppose 2*l + 0*t = -t + k, 5*l = -t + 65. What is the remainder when 90 is divided by l?
12
Suppose 3*x - 38 = -2*m, -5*m = -9 - 11. What is the remainder when 115 is divided by x?
5
Let o = -26 - 1. Let q = 48 + o. Suppose -4*v + 48 = 5*j, 3*v = -3*j - 0*v + 27. Calculate the remainder when q is divided by j.
9
Let b(a) = a**3 - 13*a**2 + 2*a. Let v be b(13). Let p = v + 4. What is the remainder when 58 is divided by p?
28
Let r(h) = -h**2 + 14*h + 30. Calculate the remainder when r(14) is divided by 22.
8
Let m(l) = -2*l**2 + 12*l + 5. Suppose 0 = 5*i + 14 + 1. Let f = i + 12. What is the remainder when f is divided by m(6)?
4
Suppose -2*r = d + 3*r - 423, d = 5*r + 393. Calculate the remainder when d is divided by 3.
0
Let n(x) = 2*x**3 + 36*x**2 - 47*x - 124. Suppose f - 64 = -3*f. What is the remainder when n(-19) is divided by f?
15
Suppose -181 = -15*q - 136. Let a(x) = -8*x**3 - x**2 - 2*x - 1. Calculate the remainder when a(-1) is divided by q.
2
Suppose -w = 2, 23*w - 28*w = g - 167. Calculate the remainder when g is divided by 48.
33
Suppose -10 = -p - 5, 55 = 2*m + 3*p. Suppose 5*x + 936 = 17*x. What is the remainder when x is divided by m?
18
Let u = 1827 + -1688. What is the remainder when u is divided by 14?
13
Let u = 51 - 30. Calculate the remainder when 26 is divided by 144/u + (-1)/(-7).
5
Let w(r) = -2*r**2 + 5*r**2 + 2*r + 3 - r**3 - 2*r**2. Let d(h) = h**2 + 22*h + 71. Calculate the remainder when d(-20) is divided by w(-2).
9
Let t(b) = -25*b + 221. Calculate the remainder when 120 is divided by t(8).
15
Suppose -4*p - 44 = -5*p. Suppose 2*k - 112 + 66 = 0. What is the remainder when p is divided by k?
21
Let z(t) = 11*t - 4. Let l be z(14). What is the remainder when 19 is divided by (l/(-12) - -6)/((-2)/4)?
6
Let d(p) be the second derivative of -2*p**3/3 - 31*p**2/2 + 29*p. What is the remainder when d(-11) is divided by 3?
1
Let d(p) = 108*p**2 + p. Let f be d(1). Let n = f + -73. What is the remainder when n is divided by 19?
17
Let w = 438 - 415. Calculate the remainder when 42 is divided by w.
19
Suppose 0 = 2*y - 2*g - 4, g - 1 = 2*y - 6. Let a(b) = -41*b + 41*b - b**y + 14. Calculate the remainder when 26 is divided by a(0).
12
Suppose 0 = 14*h - 817 - 793. Calculate the remainder when h is divided by 3.
1
Let c(x) = x**3 - 16*x**2 + 3. Let q be c(16). Suppose 0 = q*j - 2*v - 174, 2*v + 0*v = -5*j + 306. Calculate the remainder when j is divided by 31.
29
What is the remainder when (-174)/232 + (-2937)/(-12) is divided by 8?
4
Let p = -8 - -20. Let z be -7*((-2 - -2) + 1*3). Let a = z - -42. Calculate the remainder when a is divided by p.
9
What is the remainder when 6/(-5) + (14094/45 - 9) is divided by 105?
93
Let u = -8 - -10. Let r be (2/u)/((-2)/10). Let l(s) = -3*s + 4. Calculate the remainder when l(r) is divided by 11.
8
Let p be 22/(4 + -4 - 2). Let o(m) = m**3 + 11*m**2. Let r be o(p). Suppose -2*x - 5*x + 252 = r. Calculate the remainder when x is divided by 19.
17
Suppose -561 - 147 = -4*i - 3*r, 0 = -4*i + r + 692. Calculate the remainder when i is divided by 59.
56
Let a(t) = 15*t**2 - t + 4. Let w(v) = 15*v**2 - v + 3. Let h(g) = -3*a(g) + 4*w(g). What is the remainder when h(1) is divided by 3*6/9*4?
6
Suppose -3*n + 6 = 0, 0 = -2*h + 4*n + 167 - 49. Suppose 5*r = 2*l + 106, 5 - 23 = -r + 2*l. What is the remainder when h is divided by r?
19
Suppose 36 = 5*k - 5*q - 179, 0 = -k + 2*q + 46. What is the remainder when 71 is divided by k?
31
Let k = 94 + -176. Let b = -17 - k. Suppose b = 3*l - 244. What is the remainder when l is divided by 26?
25
Let f(l) = l**3 + 5*l**2 + l - 2. Let y = -6 - -3. Suppose s - 5*r = 2*s - 23, -2*s = -5*r - 91. Calculate the remainder when s is divided by f(y).
12
Suppose 2021 = 43*p - 0*p. What is the remainder when 137 is divided by p?
43
Let d(l) = -3*l**2 - 40*l + 9. Calculate the remainder when d(-11) is divided by 36.
14
Let s(n) = -n**3 - 4*n**2 + 3*n - 10. Let l be s(-5). Suppose 2*h - 4*h + 30 = l. What is the remainder when h is divided by 11?
4
Let a(w) = w**2 - 5*w + 6. Let v be a(4). Let g(p) = 15 + p**v + p - 5*p - 4*p - 1. Calculate the remainder when g(13) is divided by 20.
19
Let s = 1089 - 1067. Calculate the remainder when s is divided by 8.
6
Suppose 59*c - 91*c + 576 = 0. Suppose 2*f + 110 = 3*f. Let s = f + -78. What is the remainder when s is divided by c?
14
Suppose p + 4*p - 10 = 0. Let i be 94/(1/1*p). Let l = -28 + i. Calculate the remainder when 75 is divided by l.
18
Let j(g) = g**3 - 18*g**2 + 14*g + 21. Let l(f) = -f**3 + 19*f**2 - 15*f - 22. Let d(b) = -4*j(b) - 3*l(b). Calculate the remainder when 61 is divided by d(14).
13
Let t = 93 + -83. Suppose -a = -25 + 2. Calculate the remainder when a is divided by t.
3
Calculate the remainder when ((-166)/6)/(-1 + 18/27) is divided by 23.
14
What is the remainder when 4/10 - (-12 - (-15436)/(-85)) is divided by 14?
12
Suppose 3*f + f + 28 = 0. Let j(r) = r + 15. Calculate the remainder when 22 + (1 - -1 - 3) is divided by j(f).
5
Let r be (-14 + 15)*(-5)/(-1). Suppose -3*j + 12 = 0, 0 = 5*c + r*j - 8 - 72. Calculate the remainder when 33 is divided by c.
9
Suppose 3*z - 69 = -u - 2*u, -5*u - 92 = -4*z. Let p = 36 - z. What is the remainder when (-4)/22 + (-932)/(-44) is divided by p?
8
Let z = -56 + 39. Let u = -30 - -19. Let h = u - z. Calculate the remainder when 13 is divided by h.
1
Let a(j) = 14*j - 22. What is the remainder when 55 is divided by a(3)?
15
Let u = -12 - -46. Let b = -6247 - -6256. What is the remainder when u is divided by b?
7
Let j = 19 + -15. Suppose -4*c - 3*b = -231, j*c - b + 165 = 408. Suppose -c = -5*i + s, s + s - 34 = -4*i. Calculate the remainder when 32 is divided by i.
10
Suppose 3*l + 0*l = 4*z - 2, 3*z - 14 = -4*l. Suppose z*j - 2 = 4. Suppose -4*b + 156 = 5*o + 137, 5*b - 2 = o. What is the remainder when j is divided by b?
0
Calculate the remainder when 36 is divided by ((-20)/(1 - 6))/((-2)/(-5)).
6
What is the remainder when 614 is divided by ((-1592)/(-20))/((-52)/(-130))?
17
Let y = -22 + 40. Calculate the remainder when 87 is divided by y.
15
Suppose 3*k + 2*g + 32 = -0*k, -2*k + 3*g = 30. Let h = -22 - k. What is the remainder when 4 is divided by (-36)/(-30)*h/(-6)?
0
Let w(v) = -v**3 + 7*v**2 - 4*v - 3. Suppose 0 = 4*h + p - 20 - 21, 3*p + 27 = 3*h. Calculate the remainder when w(5) is divided by h.
7
Let i(r) = 2*r**2 + 47*r + 337. Calculate the remainder when i(-11) is divided by ((-8)/6)/((-5)/30).
6
Let d = 7 + 1. Let z be 3/(2/3 + 195/(-90)). Calculate the remainder when z/d*26*-2 is divided by 8.
5
Let v be 189/(-15) - (-4)/(-10). Suppose -5*d - 25 - 59 = -4*y, 5*d - y + 81 = 0. Let a = v - d. What is the remainder when 10 is divided by a?
1
Let x be 6/8 - 18/(-8). Suppose x*l = -3 - 6. Calculate the remainder when 9/((-4)/40*l) is divided by 8.
6
Let o be (-1 - -1) + 0/1. Suppose 0 = -5*u + 491 + 459. Suppose -6*f + f + u = o. Calculate the remainder when f is divided by 13.
12
Let s = -8 + 19. Suppose q - 3*z = 7, 59 = 4*q - 2*z + s. Calculate the remainder when 63 is divided by q.
11
Let k = -4 - 0. Let d be k/(-18) - 2688/(-54). Let l = 92 - d. Calculate the remainder when l is divided by 22.
20
Let u(f) = f**3 + 4*f**2 - 4*f + 3. Let o be u(3). Let r = o - 17. What is the remainder when r is divided by 7*(165/(-21) + 9) - -12?
17
Let w(q) = 14*q - 54. Calculate the remainder when 72 is divided by w(5).
8
Let t = -11 + 13. Suppose 0 = -2*n + 6, 6*d + 3*n - 533 = t*d. Let c = -6 - -39. Calculate the remainder when d is divided by c.
32
Let a(y) = -y**3 + 7*y**2 - 11*y + 11. Let s be a(5). Let l(b) = -b**3 + 7*b**2 - 3*b - 6. Let d = 239 + -169. What is the remainder when d is divided by l(s)?
10
Let h(v) = 2*v**2 + 9*v + 7. Let i be h(7). Suppose